
32
Calculate the greatest common divisor of 1111 and 2525.
101
What is the highest common factor of 117 and 1233?
9
What is the highest common divisor of 2275 and 182?
91
Calculate the highest common factor of 2412 and 6.
6
Calculate the greatest common factor of 188 and 4.
4
What is the highest common factor of 287 and 4387?
41
What is the greatest common divisor of 50 and 290?
10
What is the highest common divisor of 10726 and 1038?
346
Calculate the greatest common divisor of 198 and 4202.
22
What is the greatest common factor of 30861 and 243?
243
Calculate the highest common divisor of 42 and 1834.
14
Calculate the highest common divisor of 14112 and 147.
147
What is the highest common factor of 484 and 124?
4
Calculate the greatest common factor of 1592 and 24.
8
What is the greatest common divisor of 158 and 45662?
158
What is the highest common divisor of 418 and 494?
38
Calculate the highest common divisor of 19 and 323.
19
Calculate the greatest common divisor of 84 and 3766.
14
Calculate the greatest common factor of 68 and 1496.
68
Calculate the highest common divisor of 231 and 77.
77
Calculate the greatest common divisor of 247 and 418.
19
What is the greatest common divisor of 436 and 40?
4
What is the highest common divisor of 130 and 9035?
65
What is the greatest common factor of 107 and 29?
1
What is the highest common divisor of 3468 and 36?
12
Calculate the highest common divisor of 3071 and 249.
83
What is the highest common divisor of 4 and 74?
2
What is the greatest common divisor of 230 and 55?
5
What is the highest common divisor of 336 and 294?
42
What is the greatest common divisor of 252 and 112?
28
Calculate the greatest common divisor of 40 and 320.
40
What is the greatest common divisor of 141 and 13677?
141
Calculate the highest common factor of 6 and 978.
6
What is the highest common factor of 207 and 69?
69
What is the greatest common factor of 5537 and 452?
113
Calculate the greatest common factor of 64 and 4288.
64
Calculate the highest common factor of 162 and 252.
18
Calculate the highest common divisor of 13257 and 81.
27
What is the greatest common factor of 3502 and 3296?
206
Calculate the highest common divisor of 46 and 23.
23
What is the greatest common factor of 17 and 304?
1
What is the highest common factor of 55 and 1705?
55
Calculate the greatest common divisor of 525 and 2415.
105
What is the greatest common factor of 25 and 6025?
25
What is the highest common divisor of 81 and 1863?
81
What is the highest common factor of 34295 and 95?
95
What is the highest common divisor of 1332 and 740?
148
Calculate the highest common factor of 1819 and 214.
107
What is the greatest common divisor of 578 and 68?
34
Calculate the highest common factor of 5805 and 36.
9
Calculate the highest common divisor of 240 and 8560.
80
What is the greatest common factor of 10 and 95?
5
Calculate the highest common factor of 30 and 165.
15
What is the highest common factor of 189 and 231?
21
What is the highest common divisor of 615 and 45?
15
Calculate the greatest common factor of 654 and 30.
6
What is the greatest common factor of 441 and 1197?
63
What is the greatest common factor of 38 and 133?
19
What is the greatest common divisor of 36 and 15912?
36
What is the highest common divisor of 172 and 215?
43
What is the highest common divisor of 11 and 103631?
11
Calculate the greatest common factor of 1215 and 45.
45
What is the greatest common divisor of 9877 and 119?
119
Calculate the highest common factor of 43 and 129.
43
What is the highest common divisor of 64355 and 61?
61
What is the greatest common divisor of 34 and 2363?
17
Calculate the greatest common factor of 128 and 2.
2
What is the highest common divisor of 117 and 1251?
9
What is the greatest common divisor of 847 and 132?
11
What is the greatest common factor of 65 and 270?
5
Calculate the greatest common factor of 230 and 46.
46
What is the highest common divisor of 414 and 1800?
18
Calculate the highest common factor of 500 and 20.
20
What is the greatest common factor of 60 and 1500?
60
What is the highest common factor of 1350 and 54?
54
What is the greatest common divisor of 18 and 1341?
9
What is the greatest common factor of 290 and 90?
10
What is the highest common factor of 572 and 1760?
44
Calculate the greatest common divisor of 284 and 164.
4
What is the greatest common factor of 305 and 15?
5
Calculate the greatest common divisor of 1520 and 480.
80
Calculate the highest common factor of 72 and 1256.
8
What is the highest common divisor of 115 and 138?
23
Calculate the highest common divisor of 45 and 39.
3
What is the greatest common factor of 800 and 125?
25
Calculate the greatest common divisor of 64 and 272.
16
Calculate the greatest common divisor of 954 and 530.
106
What is the greatest common divisor of 5096 and 104?
104
Calculate the highest common divisor of 100 and 325.
25
Calculate the greatest common divisor of 28249 and 41.
41
Calculate the highest common divisor of 981 and 763.
109
Calculate the highest common factor of 23 and 23.
23
Calculate the greatest common divisor of 53 and 1696.
53
What is the highest common factor of 1184 and 37?
37
What is the greatest common divisor of 2028 and 12?
12
Calculate the highest common divisor of 210 and 500.
10
What is the highest common divisor of 5712 and 17?
17
What is the highest common factor of 1095 and 60?
15
What is the greatest common factor of 46 and 621?
23
Calculate the highest common factor of 35399 and 91.
91
What is the highest common divisor of 78 and 12?
6
Calculate the highest common divisor of 234 and 5310.
18
Calculate the highest common divisor of 16 and 178.
2
What is the highest common factor of 64 and 2656?
32
Calculate the greatest common factor of 189 and 6.
3
Calculate the greatest common divisor of 6 and 16.
2
What is the greatest common divisor of 240 and 15?
15
Calculate the highest common factor of 46 and 782.
46
Calculate the highest common divisor of 45076 and 59.
59
Calculate the highest common factor of 507 and 3120.
39
What is the highest common factor of 77 and 55?
11
What is the greatest common divisor of 52 and 4?
4
Calculate the highest common divisor of 173 and 2941.
173
What is the greatest common factor of 2 and 502?
2
What is the highest common divisor of 265 and 59625?
265
Calculate the greatest common divisor of 8 and 424.
8
What is the greatest common factor of 3211 and 38?
19
Calculate the greatest common factor of 12 and 186.
6
What is the highest common divisor of 32988 and 12?
12
Calculate the greatest common divisor of 16 and 152.
8
What is the greatest common factor of 264 and 24?
24
Calculate the highest common divisor of 26 and 741.
13
Calculate the highest common divisor of 10 and 590.
10
Calculate the highest common factor of 14 and 1582.
14
What is the greatest common divisor of 66 and 66?
66
What is the highest common factor of 3838 and 19?
19
What is the highest common divisor of 70 and 595?
35
Calculate the highest common divisor of 9 and 3.
3
Calculate the greatest common divisor of 16 and 40.
8
Calculate the greatest common divisor of 1957 and 76.
19
What is the greatest common factor of 44 and 44?
44
What is the highest common factor of 48 and 216?
24
Calculate the greatest common divisor of 70971 and 123.
123
What is the highest common divisor of 22 and 869?
11
What is the highest common divisor of 1235 and 15?
5
Calculate the greatest common divisor of 4 and 1620.
4
Calculate the highest common factor of 11 and 495.
11
What is the greatest common divisor of 154 and 385?
77
What is the greatest common divisor of 6 and 39?
3
Calculate the highest common divisor of 219 and 3139.
73
Calculate the highest common divisor of 149 and 8046.
149
Calculate the greatest common divisor of 22 and 30283.
11
Calculate the greatest common factor of 294 and 14.
14
Calculate the greatest common divisor of 3180 and 24.
12
Calculate the highest common divisor of 608 and 19.
19
What is the highest common factor of 546 and 2886?
78
Calculate the greatest common divisor of 368 and 92.
92
What is the highest common factor of 664 and 784?
8
Calculate the highest common factor of 57 and 9063.
57
What is the highest common factor of 1560 a